ate -37 + (-86 - -141) + 0 + -1 + 9.
26
Calculate 7 - (26 - (-12 + 20 - -5)) - -40.
34
Evaluate 55 + -28 + (1 - (-3 + 22)).
9
Evaluate 12 + 2 + -2 + -8688 + 8712.
36
Evaluate (32 - ((120 - 122) + 4 + 7)) + 51.
74
Calculate -10 + 1 + 13 - (0 + -6 + (-202 - -111)).
101
What is 9 + (2 - (-38 + 51) - 79)?
-81
(15 + -19 + -14 - -12) + -14 - 16
-36
-65 - (-51 + 55 + -34)
-35
1 + (44 - (-88 + 114))
19
Calculate -278 + 298 - (-6 - 5).
31
Evaluate 32 - ((-27 - -6) + 29 - -7).
17
What is (-9 + 5 + 10 + -22 - -1) + 8?
-7
What is (-16 - -1 - -15) + 3?
3
What is 31 + -1 - (1169 - 1097)?
-42
What is (-39 + 2 - 19) + (-22 - (-9 - -10))?
-79
Evaluate -4 - (-53 + 34 - -48) - -7.
-26
What is -4706 + 4680 + (2 - 22)?
-46
Evaluate -1 + -3 + (-17 + (11 - 7) - -1).
-16
What is 26 - -3 - ((-9 - -18) + (-3 - 7))?
30
What is -5 - (70 + 22 + -102)?
5
What is the value of -68 + 2 + -2 + (-14381 - -14364)?
-85
-19 + (15 - 8) + 34 - -11
33
What is (-78 - (-35 - 105)) + 32?
94
-17 + (56 - (-3 - -30)) + 22 - (-8 - 1)
43
17 + -24 + (-3 + (12 - -6) - -5)
13
Calculate (6 - 51) + 11 + 18 + 10 + 5.
-1
Evaluate (-108 - -102) + (-12 - 0) + -7 + -11 + 23.
-13
What is 289 - (181 + 114) - ((1 - 2) + 57)?
-62
Calculate (-1 - 5) + 14 + 21 + (19 - 6) + -5.
37
What is the value of -21 + -19 + (11 - (-16 - -44))?
-57
What is 151 + (-109 - (92 + -106))?
56
Evaluate -30 + 17 + 1 + -3.
-15
(2 + -1 - -29) + (-3 - 53) + -758 + 821
37
Evaluate 23 + -1 - (20 - (-1 - (4 + -12 + -16))).
25
3 + 79 - (3833 + -3802)
51
What is the value of 18 - 1 - (-36 + 55 - 8)?
6
Calculate -35 - (-28 + 44) - -28.
-23
Evaluate 2 - (66 - 70 - 59).
65
What is 126 + -139 + 55 - -8?
50
-60 + (2 - 6 - 13 - -34) + -33
-76
What is the value of 32 - (34 + (-6 - 11)) - -39?
54
What is 144 + (0 - (-21 - -25))?
140
(131 - (46 + -20)) + 20
125
What is -92 - ((55 - (102 + -46)) + (2 - -3))?
-96
Calculate -13 - (8 + -27 - -9) - -1 - -4.
2
Calculate (1012 - 896) + (-4 - 171).
-59
What is the value of -10 - ((1 - 33 - (-14 + 15)) + (-213 - -207))?
29
Evaluate -1 - (-3 + 13 - 3 - (27 + -83) - 1).
-63
Calculate -2 + (-12 + 0 - -15 - (-16 - 0)).
17
Evaluate (-9 - (26 - (70 - 52))) + (1 - -2).
-14
What is the value of (-59 - (-138 - 4)) + -38?
45
What is (-71 - (39 + -96)) + 96?
82
What is the value of 1956 - 1997 - (3 - -73)?
-117
What is the value of (9 - -34) + -71 + 38?
10
-74 + (115 + 89 - 0)
130
What is the value of (5 + 5 - 4 - (20 - (-19 + 1))) + 2?
-30
Calculate -50 - (-61 - -18 - -18).
-25
What is the value of -29 + (-46 - (-22 + -14))?
-39
Calculate -28 - (6 + 30 + -21).
-43
What is (0 + -20 - (-981 + 965)) + 1?
-3
Calculate 256 + -231 + -45 + 0.
-20
18 + -6 + 54 + (12 - (-2 + 10))
70
What is -1 + (1 - 1) + (83 + 1 - (1416 + -1391))?
58
Evaluate 3 + 70 + (-18 - (-33 + 42 + -8)).
54
-497 + 524 - ((1 + 8 - 23) + (3 - 0))
38
What is the value of (-56 - (-19 - 25)) + (-129 - -14)?
-127
What is 8 - 0 - (0 + 24 - ((-2 - 6) + 10))?
-14
What is the value of -17 - (-44 + 72 - 26)?
-19
What is (-37 - -30) + 3 + (8 - -1) - (-7 - -2)?
10
What is 4 + (35 - ((-20 - -12) + 9)) - 8?
30
What is the value of -11 + (18 - (130 + -36)) - 34?
-121
What is the value of (-70 - -6 - 27) + 184?
93
Calculate -36 + 29 + (-8 - -28) - (-27 - 1).
41
What is the value of 1 + 9 + 1 - (11 - (-60 + 59))?
-1
8 + (-9 - 29 - (5 - 14))
-21
79 - 136 - (-3 - 0) - (91 + -92)
-53
Evaluate -2 - (-5 - (-1 + -14)) - (-422 - -361).
49
What is 1066 + -1225 + (4 - -17)?
-138
Evaluate 56 + (-76 - -68) - 125.
-77
What is 13 + 12 - (14 - (-6 - -6 - -7))?
18
What is -104 + (-28 + 25 - (5 + -17)) + 3?
-92
-121 + (1 - -7) + -25 + (-24 - 0 - -34)
-128
171 + (141 - 308) + (-1 - -2 - 9) + -1
-5
What is the value of 55 + (-5 - -1) + (-1538 - -1518)?
31
-1 - -129 - (27753 - 27707)
82
What is -41 - (15 - 14) - -43?
1
Calculate -17 - ((6 + (15 - 3) - 15) + 15).
-35
What is 69 + 39 + -114 + (-75 - -1) - -13?
-67
What is 13 + (120 - (55 - -40))?
38
Evaluate -11 + -1 - (-19 + -39 + 87).
-41
What is the value of -41 + (-33 - -23 - (10 - 21))?
-40
(-96 + (-97 - -183) - (1 - 3)) + -77
-85
52 - (102 + -39 + 48)
-59
Calculate -11 - (-4 + (-3 - 2)) - (67 - 1).
-68
(-13 - -54) + -21 + 6 + (-9 - -10) + 2
29
Evaluate 8 + (-2 - -47 - 13) - (5 - -2).
33
What is (-7 - (3 + -12 + 5) - -10) + (68 - 38)?
37
What is the value of 4 - (-25 + (-13 - (8 - 34))) - 6?
10
What is 0 + 1 + -91 + 69?
-21
-46 - (-5 - 0 - (238 + -236) - -9)
-48
7 + (372 + -375 - (47 + (-2 - -4)))
-45
Calculate 0 + ((2 - (23 - 14)) + 11 + -2 - -47).
49
Calculate -81 - (15 + 76 + -93).
-79
Calculate (3 - (-5 + 2 + 1)) + 0 + (1686 - 1772).
-81
What is ((26 - 24) + 0 + -4 - (363 + -357)) + 125?
117
What is 0 + -2 + (20 + -15 + -21 - -29)?
11
Calculate -10 + (0 - -18) + (-8 - (5 - 10)) + -39.
-34
Calculate -21 - (19 - -55 - 190).
95
What is -17 + 1 + (126 - 124) + 1?
-13
Calculate -6 + 19 + 0 - (18 - -56 - 60).
-1
What is the value of 77 + 78 + -78 + -19?
58
Evaluate 396 + -341 - (0 - (-7 - (4 + -5))).
49
What is the value of 22 - (5 + (-9 - 4) - ((-14 - -21) + -13))?
24
What is -56 + -7 + 89 + -77?
-51
What is 28 + 1 + (-17 - (-20 - -8)) + -51?
-27
What is the value of -12 + (24 - (-11 - -27)) + -1 + 23?
18
Evaluate 67 + (-83 - -89) + -54.
19
0 - (21 + -10 + 0 + 4 + 88)
-103
What is 48 + (-12 - 16) - 53?
-33
Calculate (-2 - -1) + -11 - (-122 - (100 - 235)).
-25
Evaluate -23 - (-7 - -4) - (-26 + 12 - -1).
-7
What is -1 - ((20 - 0) + 29 + 29 + 35)?
-114
156 + -34 + 2 - (2 + 1 + 4 + -6)
123
73 + -13 - (86 + -66)
40
Evaluate -6 + 6 - (1 + 83 - (4 + -54 - -63)).
-71
Calculate -3 - (-5 + 11) - (51 + -83).
23
Evaluate -65 - (1389 + -1389 + (-5 - 1 - (1 - -1))).
-57
What is the value of 102 + -89 + 5 + (1 - -14)?
33
What is the value of (15 - 3) + 49 - (17 - (5 - 1))?
48
Calculate -27 + (-146 - -162) + (0 - 3) + 1.
-13
Evaluate 1 + -4 + -24 + 28 + -8 + 16 + -8.
1
338 + (142 - 481) + (-48 - 1)
-50
What is -33 + 31 - 29 - -69?
38
0 + 0 + 2 + (-6 - -15) + -1913 + 1901
-1
Calculate -57 + 40 - (-4 + 9 + 8).
-30
Evaluate (3 - (6 - 10)) + (71 - (29 + -19)).
68
What is the value of 14480 + -14482 + (2 - 1) + (-1 - 50) + 7?
-45
What is -18 - (-3 - (-11 - 3 - -7 - 7))?
-29
Evaluate (-18 + 52 - -6) + 27 + -19.
48
Calculate (-9 - -21) + 112 + -51 + -40.
33
Evaluate 10 + 17 + -9 - -1 - -44.
63
What is 599 + -652 - (-2 - -18)?
-69
What is (21 - (23 + -20 + 3)) + (-108 - 6)?
-99
Evaluate 3 - (-7 - -5 - 25 - (6 + (-3 - -5))).
38
Evaluate -36 - (14 + 0 + -23) - (0 + -6).
-21
What is 27 + -4 + -58 + 100?
65
What is the value of (-15 + 69 - 20) + -11 + -115?
-92
Calculate 2 + -19 + -30 + 63.
16
Calculate 35 - 19 - 21 - (27 - (1 - -5 - -1)).
-25
Calculate -44 - (15 - 59 - 40).
40
Evaluate (2 + (0 - -2 - 3) - 25) + 144 + -144.
-24
What is the value of 47 - ((28 - 16) + -36 - -27 - (-8 - -1))?
37
What is the value of -28 + (-10 - -47) + 4?
13
What is the value of 10 + -70 + (-14 - -21 - (1 + 0) - 2)?
-56
-27 - (-80 + 9 - -33) - 12
-1
What is the value of 23 + -53 + (-5 - 14) + 185?
136
What is -1 - ((-1 - -79) + 79 + -2 + -79)?
-77
(-18 + (2 - -124) - (-1 - -10)) + -4 + -9
86
(28 - (-15 - -16)) + -67 + 61
21
Evaluate 25 + (-37 - -82) + -98.
-28
What is the value of -5 + (-11 - (2 + (-8 - (-7 - (9 - 10)))))?
-16
-8 - ((33 - 7) + (140 - 105))
-69
Calculate 78 - (-12 + (13 - 5) - -20).
62
Evaluate 21 + -20 + ((26 - 6) + -13 - 31).
-23
3 - -34 - 57 - (-19 + 3 + 8)
-12
19895 + -20055 + 1 + 59
-100
(-3 + 5 - -5) + 119 + (17 - (1 + 23))
119
-114 - (-52 + -74 + 82)
-70
Evaluate (20 - 18) + ((1 - 1) + 0 - 4).
-2
What is (0 - (0 + 29)) + (11 - 47 - -39)?
-26
(126 - 103) + (-2 - -3) + 36
60
What is the value of (-58 - (-47 - 32)) + 18 + -1?
38
Calculate (-303 - -272 - (-2 - -9)) + 14 + 1 + -2.
-25
Calculate 46 + (51 - 60 - -19 - (3 + 0)).
53
Calculate -74 + -5 + (955 - 893).
-17
What is the value of (23 - 60) + 35 - -51?
49
What is the value of 35 + -24 + 14 - (18 + 7)?
0
Evaluate (-48 + -11 - -56) + 5.
2
Calculate 17 - 26 - 65 - (-10 + -8 + 6).
-62
What is (77 - 29) + (6 - 23)?
31
What is 92 - 165 - (-11 + 14 + 13)?
-89
-25 - (22 - (91 + -18))
26
Calculate -116 - (24 - (35 + 42 - 27)).
-90
What is -14 + (-4 + 15 + -10 - -6) - (4 + 7)?
-18
What is -84 + 77 + -73 + 23?
-57
Calculate (-29 - -1 - -58) + -8.
22
(-5 + -3 - ((5 - 1 - 4) + -1)) + -78
-85
Calculate (14 - 22) + 1